t d(x) = 5*x**2 + 2*x + 1. Let r be d(s). Suppose -2 = r*i - 42. What is the units digit of i?
0
Let t = -296 - -443. What is the units digit of t?
7
Let s be 1/5 + 1/(-5). Suppose -2*m + 36 = 2*m. Suppose s = 5*i + 5*a - 35, 5*i + a - 6 - m = 0. What is the units digit of i?
2
Suppose 4*u + 2*u - 444 = 0. What is the units digit of u?
4
Let p(u) = u**3 - 3*u**2 - 4*u + 2. Let i be 1*-1*(2 + -1). Let a be (3*5)/3 + i. What is the units digit of p(a)?
2
Let m = -8 - -10. What is the units digit of m?
2
Suppose 20 = 4*g, -2*h - 255 = 3*h - 2*g. Let x = -17 - h. What is the units digit of x?
2
Suppose h - m = -6*m + 18, 6 = 5*h - 3*m. Let n(c) = 0*c**2 + 5*c**h + 2*c**2 + 0*c + c - 2*c. What is the units digit of n(1)?
6
Let k = -22 + 28. What is the units digit of (8/3)/(4/k)?
4
Suppose 0 = 5*v + 2*n - 382, n + n + 302 = 4*v. What is the units digit of v?
6
Let m(q) = q**2 - q - 1. Suppose 0 = -2*n - 2*w - 2, 1 = -n + 4*w - 0*w. Let f = n - -4. What is the units digit of m(f)?
5
What is the units digit of 3/((3/(-385))/(6/(-21)))?
0
Suppose -1103 = 13*z - 4795. What is the hundreds digit of z?
2
Let f(c) = -c**2 + 8*c + 7. Let d(w) = 2*w**2 - 7*w - 6. Let g(l) = 6*d(l) + 5*f(l). What is the units digit of g(-1)?
8
What is the units digit of 6/(-39) - (-1505)/65?
3
Let g(n) = -40*n**3 + 3*n**2 + n. What is the tens digit of g(-1)?
4
Let s(x) = -x**2 + 5*x + 5. Let m be s(5). Suppose -7 - 3 = -m*o. Suppose -u + 8 + o = 0. What is the tens digit of u?
1
What is the tens digit of (-24)/(-12)*(-42)/(-4)?
2
Let d(q) = q**2 + q + 3. Let k(t) = -t**3 - 4*t**2 + 5*t. Let r be (5/(-3))/((-2)/(-6)). Let g be k(r). What is the units digit of d(g)?
3
Suppose -4*u - 63 = 57. Let d = 38 - u. Suppose m + 3*m = -f + 50, -5*m - 4*f + d = 0. What is the tens digit of m?
1
Let a be (-2 - (-3 - -1))/(-1). What is the units digit of 9 + 2 + -5 - a?
6
Suppose -q - 38 = -3*y + 17, -5*y + 89 = -q. What is the tens digit of y?
1
Suppose 4*d - 104 = -0*d. What is the units digit of d?
6
Let f be ((-4)/(-1))/(-2) - -2. Let p = -7 + f. Let x = -5 - p. What is the units digit of x?
2
Let d(g) = 3*g**2 + 2 + 15*g - 11*g + 0. What is the units digit of d(-2)?
6
Suppose 3*o - 4*o - 11 = -5*l, -o = -3*l + 7. Suppose -2*h - w - l = 3, 3*w = -2*h - 15. Suppose -2*z + h*z + 12 = 0. What is the units digit of z?
6
Let f = 39 + -28. What is the tens digit of f?
1
Let u be 27/3 - (1 + -3). Let y(a) = -a**3 + 12*a**2 - 10*a + 4. What is the tens digit of y(u)?
1
Let b(z) = z - 3. Let v be (2 + (2 - 3))*3. Let a be b(v). Suppose -2*m + h + 28 = -3*h, 2*m + h - 3 = a. What is the units digit of m?
4
Let x(f) = 21*f + 2. What is the tens digit of x(2)?
4
Let j(x) = x - 3. Let f be j(-3). Let z = 10 + f. Suppose -z*s + s + 9 = 0. What is the units digit of s?
3
Let p(t) = t + 3. Let x be p(-11). Let r(i) = 4*i + i**2 + 4*i + 11 + i. What is the units digit of r(x)?
3
What is the units digit of -4 - (3 + -98)*(1 + 0)?
1
Suppose -2*p + 0*p + 2 = -2*f, -4*p - 11 = f. Let u be f/(6/(-8)) - 1. Suppose -5*j + 11 = -3*k, j - u*j - 2*k + 14 = 0. What is the units digit of j?
4
Let m(y) = -y**2 - 9*y + 11. What is the units digit of m(-10)?
1
Let a(k) = -35*k. What is the units digit of a(-1)?
5
Let u be (-2)/10 + (77/(-35))/(-1). Suppose t = 5*t - 8. Suppose t*g + 4*c = 20, -u*g + 2*c = -5*g + 22. What is the units digit of g?
6
Let t = 4 + 13. Let a be ((-40)/(-5))/((-2)/(-6)). Let y = a - t. What is the units digit of y?
7
Let p(f) = -f + 3. Let j be p(4). Let v be j*2/((-6)/15). Suppose 0 = -0*w - w - 2, -25 = -v*d - 5*w. What is the units digit of d?
7
Let i be -6*(1 + (-7)/3). What is the units digit of (-2)/i - 42/(-8)?
5
Suppose 4*s - 126 = 30. Suppose 25 = 4*v - s. What is the units digit of v?
6
Let o(x) = 30*x - 4. What is the units digit of o(3)?
6
Suppose -2*m = -5*m + 15. Suppose 20 = j + m*o, -8*o = 2*j - 3*o - 30. What is the tens digit of j?
1
Suppose 0 = -b - 4, 0*c + 2*b - 210 = -2*c. What is the hundreds digit of c?
1
Suppose 2*r + r = -4*h + 487, 4*h - 484 = -4*r. What is the tens digit of h?
2
Suppose -g + 112 = 3*t, -3*g = -g + 4. What is the units digit of t?
8
Let a = 1 - 1. Suppose a = -7*q + 4*q + 3*b + 81, -4*q + 99 = -b. Suppose -3*d = -4*h + 2*h - 8, -q = -4*h - 4*d. What is the units digit of h?
2
Let u(v) be the second derivative of 0*v**4 - 2*v + 7*v**2 - 1/20*v**5 + 1/6*v**3 + 0. What is the units digit of u(0)?
4
Let q be 64*((-6)/4 + 3). Let g be q/44 + 2/(-11). Suppose 18 = 2*x - s - g, 2*x + 5*s + 4 = 0. What is the units digit of x?
8
Let q(f) = f**2 - 7*f - 11. Let c be q(9). Suppose 6*u + 16 = 2*u, 5*k - 3*u = c. Let s = 4 + k. What is the units digit of s?
3
Let q(i) = i**2 + 3. What is the tens digit of q(6)?
3
What is the units digit of 1*4/(-4)*-66?
6
Let n = -510 + 787. What is the tens digit of n?
7
What is the units digit of (3 - 2)*7 + -4?
3
Suppose -6*x + x + 27 = c, 2*c - 19 = -3*x. Suppose c*z - 22 + 4 = 0. What is the units digit of z?
9
Suppose 3*c = -7 - 8. Let l(f) = f**2 + 4*f - 5. Let a be l(-5). What is the units digit of (-3)/(-3)*(a - c)?
5
Let d(j) = -j**2 - 5*j - 5. Let g be d(-9). Let q = -25 - g. What is the tens digit of q?
1
Let p(r) = 3 + r**3 + 5 - 6*r**2 + 0*r**3 - 6*r + 0*r**3. What is the units digit of p(7)?
5
Suppose -2*x + 16 = -4*l, -2*l - 2*x + 2 + 2 = 0. Let h(w) be the first derivative of -w**4/4 - w**3/3 + w**2/2 - w + 4. What is the units digit of h(l)?
1
Suppose 0 = -2*k - 4 - 0. What is the units digit of (-10)/k - (-3)/(-3)?
4
Let p be (9/15)/((-1)/(-55)). Let z = p - -4. What is the tens digit of z?
3
Suppose -13 = 5*k - 4*y, 5*k = -2*y - 11 - 20. What is the tens digit of 95*8/(-100)*k?
3
Suppose 2*a + 3*a - 10 = 0. What is the units digit of a?
2
Let d = 27 + 26. What is the tens digit of d?
5
Let f(p) be the second derivative of p**3/3 - p**2/2 + 3*p. What is the tens digit of f(8)?
1
Let c = 63 - 43. What is the units digit of c?
0
Let c(k) = -k**3 + 4*k**2 - 2*k + 2. Suppose y + 2*z - 45 = -2*y, -y + 3*z = -15. Suppose -4*d = q - y, 0*q = -4*q + 4*d. What is the units digit of c(q)?
5
Suppose -111 = 2*n - 2*z - 3*z, 2*z = -n - 69. Let v = -41 - n. Suppose -3*i + i = -v. What is the tens digit of i?
1
Suppose 0 = -2*o + 7*o - 740. What is the hundreds digit of o?
1
Suppose -k + 17 + 0 = 0. What is the tens digit of k?
1
Let g be 2/(-9) - (-222)/27. Let x = 32 - g. What is the units digit of x?
4
Suppose 3*t + 1 + 2 = 0. What is the units digit of t/(-6) - (-106)/12?
9
Let y(x) = 6*x - 2*x + x. Let l be y(3). Suppose -3*p + 9 + l = 0. What is the units digit of p?
8
Let j be (0 + -164)*4/(-4). Suppose -10*d + j = -6*d. What is the tens digit of d?
4
Let q = -16 - -69. What is the tens digit of q?
5
Suppose 0 = -10*l + 4*l + 540. What is the tens digit of l?
9
Let y(g) be the first derivative of 5*g + 3*g**2 - 1 - 1/3*g**3. What is the units digit of y(6)?
5
Suppose 0 = -4*g + 90 - 26. Suppose 0*n + g = 2*n. What is the units digit of n?
8
Let v = -201 - -292. What is the units digit of v?
1
Let b = -113 - -143. What is the tens digit of b?
3
Suppose 0 = k + 2*k. Suppose -4*y = -k*y. What is the units digit of (-1 - -2) + y/1?
1
Let d(k) = -k**2 - 5*k + 3. Let h be d(-5). Suppose -2*z = 2*z - h*i - 137, 4*z + i = 125. Suppose 0*x = 2*x - z. What is the tens digit of x?
1
Suppose t - 20 = 5*x, -2*x + 0*x = 3*t + 25. Suppose 0 = -6*o + 20 + 22. Let b = o + t. What is the units digit of b?
2
Let k = -9 - -13. Suppose z = -2, k*m = 2*m - 2*z + 18. What is the units digit of m?
1
Suppose -2*s = -2*a - 224, 6*a - 3*a = -5*s + 592. What is the units digit of s?
6
Suppose 2*s + s - 12 = 0. Suppose 3*g + 2 + s = -a, -22 = -3*a + g. What is the units digit of a?
6
What is the units digit of (-84)/(-1) - (-4)/((-4)/(-3))?
7
Suppose 217 = 2*a + 4*b + 23, -2*a + 218 = -2*b. Suppose 0*t + 2*t + 3*z - 65 = 0, 0 = -3*t + 3*z + a. What is the tens digit of t?
3
Let p = 6 - 3. Suppose -4*w - 3*k + 80 = k, -3*w + 48 = -p*k. What is the tens digit of w?
1
Let c(q) = q**2. Let v be c(3). Suppose 4*s = 2*s + y + 1, -4*y + v = 5*s. What is the units digit of s?
1
What is the tens digit of (-112)/(-3) + 11/(-33)?
3
What is the tens digit of 98*(-4 + 5 - 2/4)?
4
Let v(h) = -4*h - 3*h**2 + h**2 + 0 + 3*h**2 - 6. What is the tens digi